 6 = 3*n - n, -j - n + 3 = 0. Suppose -2*t - t + 144 = j. What is the highest common factor of 12 and t?
12
Let d(w) = 3*w**2 + 3*w + 16. Let t be d(-3). What is the highest common factor of t and 17?
17
Suppose -4*l + 2*d = -240 + 18, 9 = -3*d. Suppose 4*p + 3*k = 41 + l, 3*k = -5*p + 121. Calculate the greatest common divisor of 65 and p.
13
Let q(b) = -b**3 - 8*b**2 + 9*b + 3. Let g be q(-9). Suppose a + 2*x = -x + 10, -58 = -g*a + 5*x. What is the highest common factor of a and 16?
16
Let q(x) = -7*x - 21. Let h be q(-4). Calculate the highest common divisor of h and 63.
7
Let f be 470/15 - (-3)/(-9). What is the greatest common factor of 93 and f?
31
Suppose -63 = -2*l - 7. Calculate the greatest common divisor of l and 14.
14
Suppose 5*x - 2*p = 29, -5*x + 3*p = -x - 19. Let n = x - -8. Suppose 2*t - 14 = -2. What is the highest common divisor of n and t?
3
Suppose 7*x - 2*x = -4*k + 29, -5*x + 30 = 5*k. Suppose 0 = -5*a + k + 39. Suppose -2*i = -a - 20. Calculate the highest common factor of i and 56.
14
Suppose -5*y = -4*y - 2. Suppose 0 = -2*c - y, 2*c = 2*j - c - 9. Let g be (30/(-4))/((-1)/2). What is the greatest common divisor of j and g?
3
Let m be -9*(-49)/2 + 2/(-4). Calculate the greatest common factor of m and 88.
44
Let w = -124 + -45. Let j = w + 313. What is the greatest common factor of j and 16?
16
Let d be (-55)/22*(-14)/5. Calculate the highest common divisor of 77 and d.
7
Suppose 5*z - 2 = i - 5, 5*i = 5*z - 45. Let r = 24 + i. Calculate the highest common divisor of 108 and r.
12
Let h be -3 + 2 - (-39 + -2). Suppose -3*t = 5 + h. Let n be 3/t - 82/(-10). Calculate the greatest common divisor of n and 8.
8
Let u(w) = -w**3 - 4*w**2 + w - 4. Let p be u(-5). Let r = 28 - p. Let x = -14 - -86. Calculate the greatest common divisor of x and r.
12
Let g = 209 - 121. Calculate the highest common factor of g and 8.
8
Let m be (-3 - 0) + (6 - 1). Let g be 39 + m/(2/1). Let d(f) = -f**3 + 5*f**2 - f + 4. Let c be d(4). Calculate the highest common divisor of g and c.
8
Let x = -7 - -11. Suppose 0 = -x*u + 2 + 62. Calculate the greatest common factor of u and 40.
8
Let c(l) = 2*l**2 + 2*l. Let w be c(2). Let v be 56/w + (-6)/9. Suppose v*r - 19 - 45 = 0. What is the highest common divisor of 2 and r?
2
Suppose 3*o - 7*o = -16. Let k be (-2 + o)*(-45)/(-2). Calculate the greatest common factor of k and 5.
5
Let p = 10 - 19. Let x(h) = h**3 + 11*h**2 - 10*h + 4. Let s be x(p). Suppose d = -3*d + s. What is the greatest common factor of 8 and d?
8
Let n(i) be the second derivative of 2*i**3/3 - 3*i**2 - 4*i. Let l be n(5). Calculate the greatest common factor of 2 and l.
2
Let c(l) = -l - 4. Let g be c(-10). What is the greatest common factor of 24 and g?
6
Let i(k) = k**2 + 2*k - 1. Let d be i(-3). What is the highest common factor of 14 and d?
2
Suppose 0 = 2*x - 106 - 66. Suppose 2*f - 98 = 4*j + j, 0 = -2*f + 2*j + x. Calculate the greatest common divisor of f and 13.
13
Let g be (1 - 4)*(-8)/(-6). Let i(m) = 2*m**2 - 4*m - 6. Let w be i(g). Suppose 2*c + 5*a = 23, c - a = -0*a + 15. What is the highest common factor of c and w?
14
Let f be (-3)/4 - 1/4. Let p = 3 - f. Suppose -p*t + a + 222 = 0, a - 8 = -3*a. Calculate the highest common factor of t and 8.
8
Suppose -9*x + 2002 = -1094. Calculate the greatest common divisor of x and 43.
43
Let r = 1 + 0. Let g be (r/(-2))/(3/(-36)). Let k be 6/9 - (-158)/g. Calculate the greatest common factor of k and 3.
3
Suppose -x = -4*v - 10, 0*v = 3*v. Let m = x + -7. Suppose 2*d - 1 = m. What is the greatest common divisor of d and 8?
2
Suppose -3*x = -4*j - 301, -x = -3*x + 5*j + 203. What is the highest common divisor of x and 66?
33
Let s = 7 - -18. Let y = -17 + s. Let l(w) = 14*w - 2. Let k be l(3). Calculate the highest common factor of y and k.
8
Let l(k) = k**3 + k**2 + k - 4. Let c be l(4). Let o(t) = t**3 + 9*t**2 + 10*t + 4. Let q be o(-7). Calculate the greatest common factor of c and q.
16
Suppose -3*i = -g + 9 + 23, 3*i - 4*g + 29 = 0. Let a = 8 + i. Let d be 296/3 - 1/a. What is the greatest common divisor of d and 11?
11
Let j = -1 + 27. Let t(n) = -64*n + 1. Let r be t(-1). What is the highest common divisor of j and r?
13
Suppose 2*x = 3*r - x - 141, 0 = -2*r - 5*x + 73. What is the highest common divisor of 11 and r?
11
Let h(d) = 12*d**2 - 4*d + 3. Let k be h(2). Suppose 0 = 4*o - k + 7. Calculate the greatest common divisor of o and 36.
9
Let h = 32 - -13. Calculate the greatest common divisor of 18 and h.
9
Let x = 133 - 77. Suppose 5*g = 5*k - 9 - 6, -60 = -5*k - 4*g. Calculate the highest common factor of x and k.
8
Suppose 4*n + 3*p = 100, -2*p + 31 = 4*n - 73. Let w = -27 + n. Calculate the highest common divisor of 10 and w.
1
Suppose -2*t = 5*u - 63, t + 53 = -2*u + 6*u. Let o = 27 + -28. Let a = o - -92. What is the highest common divisor of u and a?
13
Let b = -50 + 70. What is the greatest common factor of b and 30?
10
Let q = 6 + -2. Suppose p - 3*g - 1 = 0, 4*p + q*g = 3*p + 29. Let f be (182/4)/((-2)/(-4)). What is the greatest common factor of p and f?
13
Suppose 2*f + 4*p = 3*f - 28, 5*f - 3*p = 191. Let z(t) = t**3 - 8*t**2 + 7*t + 5. Let b be z(7). Calculate the highest common factor of f and b.
5
Suppose w + 5*d - 140 = 0, -4*d - 28 + 437 = 3*w. Let z = -51 + 78. Calculate the highest common divisor of w and z.
27
Let f = 34 - 22. Calculate the greatest common factor of f and 36.
12
Suppose -5*i - 9 = -3*y - 2*i, -i = 0. Let f be 11 + -4*y/(-6). Let p = -32 + 71. What is the highest common divisor of p and f?
13
Suppose -2*c + 183 = 173. What is the greatest common factor of 20 and c?
5
Suppose 2*d - 10 = g + 3, -3*d = 5*g. Let z(x) = -2*x**2 - 3*x - 1. Let w be z(g). Let o be (4/w)/((-2)/20). Calculate the highest common factor of o and 4.
4
Let a be 4*(-5)/(-2) + 0. Let q(m) be the first derivative of -m**3/3 - 4*m**2 + 3*m - 1. Let u be q(-7). Calculate the greatest common divisor of u and a.
10
Let k(m) = 15*m**2 + 4*m - 3. Let v be k(3). Let b(a) = -a**3 + 4*a**2 + 2*a + 8. Let x be b(4). What is the highest common divisor of v and x?
16
Suppose -4*d = 4*u, -4*d = 3*u - 0*d + 4. Suppose -4*v + k - u = -3*k, -21 = -3*v - 3*k. Calculate the greatest common divisor of v and 9.
3
Let r(f) = -6*f - 5. Let a be r(-4). Suppose -k = -a - 11. Let v = 23 - 13. What is the highest common factor of k and v?
10
Let w = -36 - -106. What is the greatest common factor of w and 28?
14
Let p = -43 + 103. Let k = 17 - -7. What is the greatest common divisor of k and p?
12
Let n(f) = f**2 - 20*f - 11. Let l be n(21). Calculate the greatest common factor of l and 2.
2
Suppose -5*q + 10 + 10 = 0. Let z be (-8 - -2)*(-18)/q. Suppose -3*k + z = 9. Calculate the greatest common divisor of k and 2.
2
Suppose 2*f - f = -4*d + 28, 0 = -4*f - 3*d + 86. Let u = 12 - 8. Calculate the highest common divisor of f and u.
4
Let j = -182 - -338. Calculate the highest common factor of j and 39.
39
Let l be (2/(-3))/((-4)/12). Let z be l/13 - 1136/(-52). Calculate the highest common factor of 2 and z.
2
Let a(j) = -j**3 - 8*j**2 + j + 7. Let h be a(-8). Let z(q) = -3 - 2*q - 7*q**3 + 2 + q + q**2. Let n be z(h). What is the highest common divisor of n and 1?
1
Let x be ((-495)/(-6))/((-6)/(-8)). Calculate the highest common divisor of 10 and x.
10
Let w = -8 - -2. Let k(y) = 3*y + 0*y + y**2 + 0*y - 6. Let a be k(w). Calculate the greatest common divisor of 84 and a.
12
Let d = -18 + 4. Let v be (-4)/d - (-12)/7. Calculate the greatest common divisor of v and 5.
1
Let z be (-786)/(-4) + (-12)/(-8). Let i be z/4 + (-5)/(-10). Calculate the greatest common divisor of 10 and i.
10
Let r = 55 - 15. Calculate the highest common divisor of r and 20.
20
Let v be 3 - ((-18)/6)/(2/10). What is the highest common divisor of 126 and v?
18
Let i be ((-4)/2)/(2/(-10)). Let h = -7 - -10. Suppose h*r - 232 - 98 = 0. Calculate the highest common factor of r and i.
10
Let f(d) = 3*d**3 + 2*d**2 + 2. Let i be f(-3). Let s = -21 - i. Let z = 80 - 60. What is the greatest common factor of s and z?
20
Suppose -75 - 6 = -3*c. What is the greatest common factor of 18 and c?
9
Let r = 24 - 17. Let o = 3 - 3. Let w = 77 - o. What is the highest common divisor of w and r?
7
Let x(i) = 3*i**2 + 1. L